{"id":4401,"date":"2025-02-10T16:54:15","date_gmt":"2025-02-10T15:54:15","guid":{"rendered":"https:\/\/metalnex.com\/?page_id=4401"},"modified":"2025-12-03T12:01:08","modified_gmt":"2025-12-03T11:01:08","slug":"sistema-360","status":"publish","type":"page","link":"https:\/\/metalnex.com\/index.php\/sistema-360\/","title":{"rendered":"Sistema 360"},"content":{"rendered":"<div class=\"wpb-content-wrapper\"><p>[vc_row][vc_column offset=\u00bbvc_hidden-xs\u00bb][vc_single_image image=\u00bb4418&#8243; img_size=\u00bbfull\u00bb alignment=\u00bbcenter\u00bb onclick=\u00bbcustom_link\u00bb img_link_target=\u00bb_blank\u00bb css=\u00bb\u00bb][\/vc_column][\/vc_row][vc_row][vc_column offset=\u00bbvc_hidden-lg vc_hidden-md vc_hidden-sm\u00bb][vc_single_image image=\u00bb4419&#8243; img_size=\u00bbfull\u00bb alignment=\u00bbcenter\u00bb onclick=\u00bbcustom_link\u00bb img_link_target=\u00bb_blank\u00bb css=\u00bb\u00bb][\/vc_column][\/vc_row][vc_row][vc_column offset=\u00bbvc_hidden-lg vc_hidden-md vc_hidden-sm vc_hidden-xs\u00bb][vc_empty_space height=\u00bb20&#8243;]<style type=\"text\/css\" data-type=\"the7_shortcodes-inline-css\">#default-btn-fe2c558299790f02a1c1fe073e483da4 {\n  border-radius: 8px;\n  font-size: 20px;\n  line-height: 22px;\n}\n.btn-shadow#default-btn-fe2c558299790f02a1c1fe073e483da4 {\n  box-shadow: 0 1px 6px rgba(0,0,0,0.12);\n  transition: box-shadow 0.2s ease-out, opacity 0.45s;\n}\n.btn-shadow#default-btn-fe2c558299790f02a1c1fe073e483da4:hover {\n  box-shadow: 0 5px 11px 0 rgba(0,0,0,0.18), 0 4px 15px 0 rgba(0,0,0,0.15);\n}\n.btn-flat#default-btn-fe2c558299790f02a1c1fe073e483da4 {\n  box-shadow: none;\n}\n.btn-flat#default-btn-fe2c558299790f02a1c1fe073e483da4:hover {\n  box-shadow: none;\n}\n#default-btn-fe2c558299790f02a1c1fe073e483da4.ico-right-side > i {\n  margin-right: 0px;\n  margin-left: 8px;\n}\n#default-btn-fe2c558299790f02a1c1fe073e483da4 > i {\n  margin-right: 8px;\n  font-size: 20px;\n}\n#default-btn-fe2c558299790f02a1c1fe073e483da4:not(:hover) {\n  border-width: 0px;\n  padding: 15px 15px 15px 15px;\n}\n#default-btn-fe2c558299790f02a1c1fe073e483da4:hover {\n  border-width: 0px;\n  padding: 15px 15px 15px 15px;\n}\n#default-btn-fe2c558299790f02a1c1fe073e483da4.ico-right-side > i {\n  margin-right: 0px;\n  margin-left: 8px;\n}\n#default-btn-fe2c558299790f02a1c1fe073e483da4 > i {\n  margin-right: 8px;\n}<\/style><div class=\"btn-align-center\"><a href=\"#\" class=\"default-btn-shortcode dt-btn pulse animate-element animation-builder link-hover-off anchor-link btn-shadow \" id=\"default-btn-fe2c558299790f02a1c1fe073e483da4\"><span>Acceso a la tienda online<\/span><\/a><\/div>[vc_empty_space height=\u00bb40&#8243;][\/vc_column][\/vc_row][vc_row][vc_column offset=\u00bbvc_hidden-xs\u00bb][vc_empty_space height=\u00bb50&#8243;][\/vc_column][\/vc_row][vc_row][vc_column offset=\u00bbvc_hidden-sm vc_hidden-xs\u00bb][vc_custom_heading text=\u00bbOPTIMIZAMOS TU PROCESO DE PRINCIPIO A FIN\u00bb font_container=\u00bbtag:h2|text_align:center|color:%23072742&#8243; google_fonts=\u00bbfont_family:Quicksand%3A300%2Cregular%2C700|font_style:700%20bold%20regular%3A700%3Anormal\u00bb css=\u00bb\u00bb][\/vc_column][\/vc_row][vc_row][vc_column offset=\u00bbvc_hidden-lg vc_hidden-md\u00bb][vc_custom_heading text=\u00bbOPTIMIZAMOS TU PROCESO DE PRINCIPIO A FIN\u00bb font_container=\u00bbtag:h2|text_align:center|color:%23072742&#8243; google_fonts=\u00bbfont_family:Quicksand%3A300%2Cregular%2C700|font_style:700%20bold%20regular%3A700%3Anormal\u00bb css=\u00bb\u00bb][\/vc_column][\/vc_row][vc_row][vc_column offset=\u00bbvc_hidden-sm vc_hidden-xs\u00bb][vc_empty_space height=\u00bb80&#8243;][\/vc_column][\/vc_row][vc_row][vc_column css_animation=\u00bbleft-to-right\u00bb css=\u00bb.vc_custom_1718964501445{padding-top: 30px !important;padding-left: 30px !important;}\u00bb offset=\u00bbvc_hidden-lg vc_hidden-md\u00bb][vc_single_image image=\u00bb4420&#8243; img_size=\u00bb400&#215;400&#8243; alignment=\u00bbcenter\u00bb css_animation=\u00bbright-to-left\u00bb css=\u00bb\u00bb][vc_column_text css=\u00bb\u00bb]En <strong>Metalnex<\/strong>, hemos desarrollado el <strong>Sistema 360<\/strong>, un protocolo de trabajo dise\u00f1ado para optimizar cada fase del proceso productivo:<\/p>\n<ul>\n<li><strong>Creamos un procedimiento espec\u00edfico para tu empresa<\/strong>, asegur\u00e1ndonos de no saturar a los responsables de compras, producci\u00f3n o taller. Nos integramos en la estructura de trabajo sin alterar los flujos internos.<\/li>\n<li><strong>Nos comunicamos directamente <\/strong>con\u00a0quien conoce de primera mano los problemas o mejoras necesarias. Esto nos permite <strong>dar soluciones r\u00e1pidas y eficientes<\/strong>, manteniendo siempre informados a los responsables clave.<\/li>\n<li><strong>Te acompa\u00f1amos en todo el proceso<\/strong>, desde el equipamiento de tu empresa hasta la organizaci\u00f3n de tu espacio de trabajo, optimizando el uso de herramientas y residuos.<\/li>\n<li><strong>Tratamos directamente con los fabricantes de herramientas<\/strong> para ofrecer asistencia inmediata, reduciendo los tiempos de espera y agilizando la toma de decisiones.<\/li>\n<li><strong>Est\u00e1s a un clic de nosotros<\/strong>, facilitamos la comunicaci\u00f3n con un sistema \u00e1gil que permite contacto directo, consultas directas con fabricantes y un soporte inmediato.<\/li>\n<\/ul>\n<p>[\/vc_column_text][\/vc_column][\/vc_row][vc_row][vc_column css_animation=\u00bbleft-to-right\u00bb width=\u00bb1\/2&#8243; css=\u00bb.vc_custom_1718290414723{padding-top: 30px !important;padding-left: 30px !important;}\u00bb offset=\u00bbvc_hidden-sm vc_hidden-xs\u00bb][vc_column_text css=\u00bb\u00bb]En <strong>Metalnex<\/strong>, hemos desarrollado el <strong>Sistema 360<\/strong>, un protocolo de trabajo dise\u00f1ado para optimizar cada fase del proceso productivo:<\/p>\n<ul>\n<li><strong>Creamos un procedimiento espec\u00edfico para tu empresa<\/strong>, asegur\u00e1ndonos de no saturar a los responsables de compras, producci\u00f3n o taller. Nos integramos en la estructura de trabajo sin alterar los flujos internos.<\/li>\n<li><strong>Nos comunicamos directamente <\/strong>con\u00a0quien conoce de primera mano los problemas o mejoras necesarias. Esto nos permite <strong>dar soluciones r\u00e1pidas y eficientes<\/strong>, manteniendo siempre informados a los responsables clave.<\/li>\n<li><strong>Te acompa\u00f1amos en todo el proceso<\/strong>, desde el equipamiento de tu empresa hasta la organizaci\u00f3n de tu espacio de trabajo, optimizando el uso de herramientas y residuos.<\/li>\n<li><strong>Tratamos directamente con los fabricantes de herramientas<\/strong> para ofrecer asistencia inmediata, reduciendo los tiempos de espera y agilizando la toma de decisiones.<\/li>\n<li><strong>Est\u00e1s a un clic de nosotros<\/strong>, facilitamos la comunicaci\u00f3n con un sistema \u00e1gil que permite contacto directo, consultas directas con fabricantes y un soporte inmediato.<\/li>\n<\/ul>\n<p>[\/vc_column_text][\/vc_column][vc_column width=\u00bb1\/2&#8243; offset=\u00bbvc_hidden-sm vc_hidden-xs\u00bb][vc_single_image image=\u00bb4420&#8243; img_size=\u00bb400&#215;400&#8243; alignment=\u00bbcenter\u00bb css_animation=\u00bbright-to-left\u00bb css=\u00bb\u00bb][\/vc_column][\/vc_row][vc_row][vc_column offset=\u00bbvc_hidden-xs\u00bb][vc_empty_space height=\u00bb80&#8243;][\/vc_column][\/vc_row][vc_row][vc_column width=\u00bb1\/2&#8243;][vc_single_image image=\u00bb5809&#8243; img_size=\u00bb400&#215;400&#8243; alignment=\u00bbcenter\u00bb css_animation=\u00bbleft-to-right\u00bb css=\u00bb\u00bb][\/vc_column][vc_column css_animation=\u00bbright-to-left\u00bb width=\u00bb1\/2&#8243; css=\u00bb.vc_custom_1718290044823{padding-top: 40px !important;padding-right: 20px !important;}\u00bb][vc_column_text css=\u00bb\u00bb]\u00bfQu\u00e9 va a conseguir tu taller o f\u00e1brica, adoptando nuestro sistema 360?<\/p>\n<ul>\n<li><strong>Menos saturaci\u00f3n, m\u00e1s eficiencia.<\/strong><\/li>\n<li><strong>Protocolos claros, soluciones inmediatas.<\/strong><\/li>\n<li><strong>Un proceso y metodolog\u00edas dise\u00f1adas exclusivamente para mejorar tu productividad.<\/strong><\/li>\n<\/ul>\n<p>Con <strong>Metalnex<\/strong> y nuestro <strong>Sistema 360<\/strong>, transformamos el suministro industrial, elev\u00e1ndolo a una gesti\u00f3n integral del proceso de fabricaci\u00f3n. Creamos soluciones estructuradas, \u00e1giles y efectivas para tu taller o f\u00e1brica.<\/p>\n<p><strong>Contacta o Agenda una cita con nosotros<\/strong> y d\u00e9janos ser mucho m\u00e1s que tu suministro, d\u00e9janos ser tu aliado estrat\u00e9gico.[\/vc_column_text][vc_row_inner][vc_column_inner width=\u00bb1\/2&#8243;][vc_btn title=\u00bbCONTACTA\u00bb style=\u00bbcustom\u00bb custom_background=\u00bb#072742&#8243; custom_text=\u00bb#ffffff\u00bb align=\u00bbcenter\u00bb css_animation=\u00bbappear\u00bb css=\u00bb\u00bb button_block=\u00bbtrue\u00bb link=\u00bburl:https%3A%2F%2Fmetalnex.com%2Findex.php%2Fcontacto-2%2F\u00bb][\/vc_column_inner][vc_column_inner width=\u00bb1\/2&#8243;][vc_btn title=\u00bbAGENDA UNA REUNI\u00d3N\u00bb style=\u00bbcustom\u00bb custom_background=\u00bb#072742&#8243; custom_text=\u00bb#ffffff\u00bb align=\u00bbcenter\u00bb css_animation=\u00bbappear\u00bb css=\u00bb\u00bb button_block=\u00bbtrue\u00bb link=\u00bburl:https%3A%2F%2Fmetalnex.com%2Findex.php%2Fagendar-cita%2F\u00bb][\/vc_column_inner][\/vc_row_inner][\/vc_column][\/vc_row][vc_row][vc_column offset=\u00bbvc_hidden-xs\u00bb][vc_empty_space height=\u00bb80&#8243;][\/vc_column][\/vc_row][vc_row][vc_column][vc_separator color=\u00bbcustom\u00bb accent_color=\u00bb#072742&#8243;][\/vc_column][\/vc_row][vc_row][vc_column width=\u00bb1\/3&#8243; offset=\u00bbvc_hidden-sm vc_hidden-xs\u00bb][vc_custom_heading text=\u00bbMACHINING TOOLS\u00bb font_container=\u00bbtag:h2|font_size:28|text_align:center\u00bb google_fonts=\u00bbfont_family:Quicksand%3A300%2Cregular%2C700|font_style:700%20bold%20regular%3A700%3Anormal\u00bb css_animation=\u00bbtop-to-bottom\u00bb css=\u00bb\u00bb][vc_single_image image=\u00bb557&#8243; img_size=\u00bb300&#215;300&#8243; alignment=\u00bbcenter\u00bb onclick=\u00bbcustom_link\u00bb css_animation=\u00bbtop-to-bottom\u00bb css=\u00bb\u00bb link=\u00bbhttps:\/\/metalnex.com\/index.php\/suministro-industrial\/\u00bb][\/vc_column][vc_column width=\u00bb1\/3&#8243; offset=\u00bbvc_hidden-sm vc_hidden-xs\u00bb][vc_custom_heading text=\u00bbLEAN MANUFACTURING\u00bb font_container=\u00bbtag:h2|font_size:28|text_align:center\u00bb google_fonts=\u00bbfont_family:Quicksand%3A300%2Cregular%2C700|font_style:700%20bold%20regular%3A700%3Anormal\u00bb css_animation=\u00bbtop-to-bottom\u00bb][vc_single_image image=\u00bb298&#8243; img_size=\u00bb300&#215;300&#8243; alignment=\u00bbcenter\u00bb onclick=\u00bbcustom_link\u00bb css_animation=\u00bbtop-to-bottom\u00bb link=\u00bbhttps:\/\/metalnex.com\/index.php\/lean-manufacturing\/\u00bb][\/vc_column][vc_column width=\u00bb1\/3&#8243; offset=\u00bbvc_hidden-sm vc_hidden-xs\u00bb][vc_custom_heading text=\u00bbOUTSOURCING\u00bb font_container=\u00bbtag:h2|font_size:28|text_align:center\u00bb google_fonts=\u00bbfont_family:Quicksand%3A300%2Cregular%2C700|font_style:700%20bold%20regular%3A700%3Anormal\u00bb css_animation=\u00bbtop-to-bottom\u00bb][vc_single_image image=\u00bb299&#8243; img_size=\u00bb300&#215;300&#8243; alignment=\u00bbcenter\u00bb onclick=\u00bbcustom_link\u00bb css_animation=\u00bbtop-to-bottom\u00bb link=\u00bbhttps:\/\/metalnex.com\/index.php\/outsourcing-industrial\/\u00bb][\/vc_column][\/vc_row][vc_row][vc_column width=\u00bb1\/3&#8243; offset=\u00bbvc_hidden-lg vc_hidden-md\u00bb][vc_custom_heading text=\u00bbMACHINING TOOLS\u00bb font_container=\u00bbtag:h2|font_size:28|text_align:center\u00bb google_fonts=\u00bbfont_family:Quicksand%3A300%2Cregular%2C700|font_style:700%20bold%20regular%3A700%3Anormal\u00bb css_animation=\u00bbtop-to-bottom\u00bb css=\u00bb\u00bb][vc_single_image image=\u00bb557&#8243; img_size=\u00bb300&#215;300&#8243; alignment=\u00bbcenter\u00bb onclick=\u00bbcustom_link\u00bb css_animation=\u00bbtop-to-bottom\u00bb css=\u00bb\u00bb link=\u00bbhttps:\/\/metalnex.com\/index.php\/suministro-industrial\/\u00bb][\/vc_column][vc_column width=\u00bb1\/3&#8243; offset=\u00bbvc_hidden-lg vc_hidden-md\u00bb][vc_custom_heading text=\u00bbLEAN MANUFACTURING\u00bb font_container=\u00bbtag:h2|font_size:28|text_align:center\u00bb google_fonts=\u00bbfont_family:Quicksand%3A300%2Cregular%2C700|font_style:700%20bold%20regular%3A700%3Anormal\u00bb css_animation=\u00bbtop-to-bottom\u00bb][vc_single_image image=\u00bb298&#8243; alignment=\u00bbcenter\u00bb onclick=\u00bbcustom_link\u00bb css_animation=\u00bbtop-to-bottom\u00bb css=\u00bb\u00bb link=\u00bbhttps:\/\/metalnex.com\/index.php\/lean-manufacturing\/\u00bb][\/vc_column][vc_column width=\u00bb1\/3&#8243; offset=\u00bbvc_hidden-lg vc_hidden-md\u00bb][vc_custom_heading text=\u00bbOUTSOURCING\u00bb font_container=\u00bbtag:h2|font_size:28|text_align:center\u00bb google_fonts=\u00bbfont_family:Quicksand%3A300%2Cregular%2C700|font_style:700%20bold%20regular%3A700%3Anormal\u00bb css_animation=\u00bbtop-to-bottom\u00bb][vc_single_image image=\u00bb299&#8243; alignment=\u00bbcenter\u00bb onclick=\u00bbcustom_link\u00bb css_animation=\u00bbtop-to-bottom\u00bb css=\u00bb\u00bb link=\u00bbhttps:\/\/metalnex.com\/index.php\/outsourcing-industrial\/\u00bb][\/vc_column][\/vc_row]<\/p>\n<\/div>","protected":false},"excerpt":{"rendered":"<p>[vc_row][vc_column offset=\u00bbvc_hidden-xs\u00bb][vc_single_image image=\u00bb4418&#8243; img_size=\u00bbfull\u00bb alignment=\u00bbcenter\u00bb onclick=\u00bbcustom_link\u00bb img_link_target=\u00bb_blank\u00bb css=\u00bb\u00bb][\/vc_column][\/vc_row][vc_row][vc_column offset=\u00bbvc_hidden-lg vc_hidden-md vc_hidden-sm\u00bb][vc_single_image image=\u00bb4419&#8243; img_size=\u00bbfull\u00bb alignment=\u00bbcenter\u00bb onclick=\u00bbcustom_link\u00bb img_link_target=\u00bb_blank\u00bb css=\u00bb\u00bb][\/vc_column][\/vc_row][vc_row][vc_column offset=\u00bbvc_hidden-lg vc_hidden-md vc_hidden-sm vc_hidden-xs\u00bb][vc_empty_space height=\u00bb20&#8243;][vc_empty_space height=\u00bb40&#8243;][\/vc_column][\/vc_row][vc_row][vc_column offset=\u00bbvc_hidden-xs\u00bb][vc_empty_space height=\u00bb50&#8243;][\/vc_column][\/vc_row][vc_row][vc_column offset=\u00bbvc_hidden-sm vc_hidden-xs\u00bb][vc_custom_heading text=\u00bbOPTIMIZAMOS TU PROCESO DE PRINCIPIO A FIN\u00bb font_container=\u00bbtag:h2|text_align:center|color:%23072742&#8243; google_fonts=\u00bbfont_family:Quicksand%3A300%2Cregular%2C700|font_style:700%20bold%20regular%3A700%3Anormal\u00bb css=\u00bb\u00bb][\/vc_column][\/vc_row][vc_row][vc_column offset=\u00bbvc_hidden-lg vc_hidden-md\u00bb][vc_custom_heading text=\u00bbOPTIMIZAMOS TU PROCESO DE PRINCIPIO A FIN\u00bb font_container=\u00bbtag:h2|text_align:center|color:%23072742&#8243; google_fonts=\u00bbfont_family:Quicksand%3A300%2Cregular%2C700|font_style:700%20bold%20regular%3A700%3Anormal\u00bb css=\u00bb\u00bb][\/vc_column][\/vc_row][vc_row][vc_column offset=\u00bbvc_hidden-sm vc_hidden-xs\u00bb][vc_empty_space height=\u00bb80&#8243;][\/vc_column][\/vc_row][vc_row][vc_column css_animation=\u00bbleft-to-right\u00bb css=\u00bb.vc_custom_1718964501445{padding-top: 30px&hellip;<\/p>\n","protected":false},"author":2,"featured_media":0,"parent":0,"menu_order":0,"comment_status":"closed","ping_status":"closed","template":"","meta":{"_acf_changed":false,"footnotes":""},"class_list":["post-4401","page","type-page","status-publish","hentry","description-off"],"acf":[],"yoast_head":"<!-- This site is optimized with the Yoast SEO plugin v27.4 - https:\/\/yoast.com\/product\/yoast-seo-wordpress\/ -->\n<title>Sistema 360 - Metalnex 360&ordm;<\/title>\n<meta name=\"robots\" content=\"index, follow, max-snippet:-1, max-image-preview:large, max-video-preview:-1\" \/>\n<link rel=\"canonical\" href=\"https:\/\/metalnex.com\/index.php\/sistema-360\/\" \/>\n<meta property=\"og:locale\" content=\"es_ES\" \/>\n<meta property=\"og:type\" content=\"article\" \/>\n<meta property=\"og:title\" content=\"Sistema 360 - Metalnex 360&ordm;\" \/>\n<meta property=\"og:description\" content=\"[vc_row][vc_column offset=\u00bbvc_hidden-xs\u00bb][vc_single_image image=\u00bb4418&#8243; img_size=\u00bbfull\u00bb alignment=\u00bbcenter\u00bb onclick=\u00bbcustom_link\u00bb img_link_target=\u00bb_blank\u00bb css=\u00bb\u00bb][\/vc_column][\/vc_row][vc_row][vc_column offset=\u00bbvc_hidden-lg vc_hidden-md vc_hidden-sm\u00bb][vc_single_image image=\u00bb4419&#8243; img_size=\u00bbfull\u00bb alignment=\u00bbcenter\u00bb onclick=\u00bbcustom_link\u00bb img_link_target=\u00bb_blank\u00bb css=\u00bb\u00bb][\/vc_column][\/vc_row][vc_row][vc_column offset=\u00bbvc_hidden-lg vc_hidden-md vc_hidden-sm vc_hidden-xs\u00bb][vc_empty_space height=\u00bb20&#8243;][vc_empty_space height=\u00bb40&#8243;][\/vc_column][\/vc_row][vc_row][vc_column offset=\u00bbvc_hidden-xs\u00bb][vc_empty_space height=\u00bb50&#8243;][\/vc_column][\/vc_row][vc_row][vc_column offset=\u00bbvc_hidden-sm vc_hidden-xs\u00bb][vc_custom_heading text=\u00bbOPTIMIZAMOS TU PROCESO DE PRINCIPIO A FIN\u00bb font_container=\u00bbtag:h2|text_align:center|color:%23072742&#8243; google_fonts=\u00bbfont_family:Quicksand%3A300%2Cregular%2C700|font_style:700%20bold%20regular%3A700%3Anormal\u00bb css=\u00bb\u00bb][\/vc_column][\/vc_row][vc_row][vc_column offset=\u00bbvc_hidden-lg vc_hidden-md\u00bb][vc_custom_heading text=\u00bbOPTIMIZAMOS TU PROCESO DE PRINCIPIO A FIN\u00bb font_container=\u00bbtag:h2|text_align:center|color:%23072742&#8243; google_fonts=\u00bbfont_family:Quicksand%3A300%2Cregular%2C700|font_style:700%20bold%20regular%3A700%3Anormal\u00bb css=\u00bb\u00bb][\/vc_column][\/vc_row][vc_row][vc_column offset=\u00bbvc_hidden-sm vc_hidden-xs\u00bb][vc_empty_space height=\u00bb80&#8243;][\/vc_column][\/vc_row][vc_row][vc_column css_animation=\u00bbleft-to-right\u00bb css=\u00bb.vc_custom_1718964501445{padding-top: 30px&hellip;\" \/>\n<meta property=\"og:url\" content=\"https:\/\/metalnex.com\/index.php\/sistema-360\/\" \/>\n<meta property=\"og:site_name\" content=\"Metalnex 360&ordm;\" \/>\n<meta property=\"article:modified_time\" content=\"2025-12-03T11:01:08+00:00\" \/>\n<meta name=\"twitter:card\" content=\"summary_large_image\" \/>\n<meta name=\"twitter:label1\" content=\"Tiempo de lectura\" \/>\n\t<meta name=\"twitter:data1\" content=\"3 minutos\" \/>\n<script type=\"application\/ld+json\" class=\"yoast-schema-graph\">{\"@context\":\"https:\\\/\\\/schema.org\",\"@graph\":[{\"@type\":\"WebPage\",\"@id\":\"https:\\\/\\\/metalnex.com\\\/index.php\\\/sistema-360\\\/\",\"url\":\"https:\\\/\\\/metalnex.com\\\/index.php\\\/sistema-360\\\/\",\"name\":\"Sistema 360 - Metalnex 360&ordm;\",\"isPartOf\":{\"@id\":\"https:\\\/\\\/metalnex.com\\\/#website\"},\"datePublished\":\"2025-02-10T15:54:15+00:00\",\"dateModified\":\"2025-12-03T11:01:08+00:00\",\"breadcrumb\":{\"@id\":\"https:\\\/\\\/metalnex.com\\\/index.php\\\/sistema-360\\\/#breadcrumb\"},\"inLanguage\":\"es\",\"potentialAction\":[{\"@type\":\"ReadAction\",\"target\":[\"https:\\\/\\\/metalnex.com\\\/index.php\\\/sistema-360\\\/\"]}]},{\"@type\":\"BreadcrumbList\",\"@id\":\"https:\\\/\\\/metalnex.com\\\/index.php\\\/sistema-360\\\/#breadcrumb\",\"itemListElement\":[{\"@type\":\"ListItem\",\"position\":1,\"name\":\"Portada\",\"item\":\"https:\\\/\\\/metalnex.com\\\/\"},{\"@type\":\"ListItem\",\"position\":2,\"name\":\"Sistema 360\"}]},{\"@type\":\"WebSite\",\"@id\":\"https:\\\/\\\/metalnex.com\\\/#website\",\"url\":\"https:\\\/\\\/metalnex.com\\\/\",\"name\":\"Metalnex 360&ordm;\",\"description\":\"Tu sue&ntilde;a. Nosotros lean manufacturing\",\"potentialAction\":[{\"@type\":\"SearchAction\",\"target\":{\"@type\":\"EntryPoint\",\"urlTemplate\":\"https:\\\/\\\/metalnex.com\\\/?s={search_term_string}\"},\"query-input\":{\"@type\":\"PropertyValueSpecification\",\"valueRequired\":true,\"valueName\":\"search_term_string\"}}],\"inLanguage\":\"es\"}]}<\/script>\n<!-- \/ Yoast SEO plugin. -->","yoast_head_json":{"title":"Sistema 360 - Metalnex 360&ordm;","robots":{"index":"index","follow":"follow","max-snippet":"max-snippet:-1","max-image-preview":"max-image-preview:large","max-video-preview":"max-video-preview:-1"},"canonical":"https:\/\/metalnex.com\/index.php\/sistema-360\/","og_locale":"es_ES","og_type":"article","og_title":"Sistema 360 - Metalnex 360&ordm;","og_description":"[vc_row][vc_column offset=\u00bbvc_hidden-xs\u00bb][vc_single_image image=\u00bb4418&#8243; img_size=\u00bbfull\u00bb alignment=\u00bbcenter\u00bb onclick=\u00bbcustom_link\u00bb img_link_target=\u00bb_blank\u00bb css=\u00bb\u00bb][\/vc_column][\/vc_row][vc_row][vc_column offset=\u00bbvc_hidden-lg vc_hidden-md vc_hidden-sm\u00bb][vc_single_image image=\u00bb4419&#8243; img_size=\u00bbfull\u00bb alignment=\u00bbcenter\u00bb onclick=\u00bbcustom_link\u00bb img_link_target=\u00bb_blank\u00bb css=\u00bb\u00bb][\/vc_column][\/vc_row][vc_row][vc_column offset=\u00bbvc_hidden-lg vc_hidden-md vc_hidden-sm vc_hidden-xs\u00bb][vc_empty_space height=\u00bb20&#8243;][vc_empty_space height=\u00bb40&#8243;][\/vc_column][\/vc_row][vc_row][vc_column offset=\u00bbvc_hidden-xs\u00bb][vc_empty_space height=\u00bb50&#8243;][\/vc_column][\/vc_row][vc_row][vc_column offset=\u00bbvc_hidden-sm vc_hidden-xs\u00bb][vc_custom_heading text=\u00bbOPTIMIZAMOS TU PROCESO DE PRINCIPIO A FIN\u00bb font_container=\u00bbtag:h2|text_align:center|color:%23072742&#8243; google_fonts=\u00bbfont_family:Quicksand%3A300%2Cregular%2C700|font_style:700%20bold%20regular%3A700%3Anormal\u00bb css=\u00bb\u00bb][\/vc_column][\/vc_row][vc_row][vc_column offset=\u00bbvc_hidden-lg vc_hidden-md\u00bb][vc_custom_heading text=\u00bbOPTIMIZAMOS TU PROCESO DE PRINCIPIO A FIN\u00bb font_container=\u00bbtag:h2|text_align:center|color:%23072742&#8243; google_fonts=\u00bbfont_family:Quicksand%3A300%2Cregular%2C700|font_style:700%20bold%20regular%3A700%3Anormal\u00bb css=\u00bb\u00bb][\/vc_column][\/vc_row][vc_row][vc_column offset=\u00bbvc_hidden-sm vc_hidden-xs\u00bb][vc_empty_space height=\u00bb80&#8243;][\/vc_column][\/vc_row][vc_row][vc_column css_animation=\u00bbleft-to-right\u00bb css=\u00bb.vc_custom_1718964501445{padding-top: 30px&hellip;","og_url":"https:\/\/metalnex.com\/index.php\/sistema-360\/","og_site_name":"Metalnex 360&ordm;","article_modified_time":"2025-12-03T11:01:08+00:00","twitter_card":"summary_large_image","twitter_misc":{"Tiempo de lectura":"3 minutos"},"schema":{"@context":"https:\/\/schema.org","@graph":[{"@type":"WebPage","@id":"https:\/\/metalnex.com\/index.php\/sistema-360\/","url":"https:\/\/metalnex.com\/index.php\/sistema-360\/","name":"Sistema 360 - Metalnex 360&ordm;","isPartOf":{"@id":"https:\/\/metalnex.com\/#website"},"datePublished":"2025-02-10T15:54:15+00:00","dateModified":"2025-12-03T11:01:08+00:00","breadcrumb":{"@id":"https:\/\/metalnex.com\/index.php\/sistema-360\/#breadcrumb"},"inLanguage":"es","potentialAction":[{"@type":"ReadAction","target":["https:\/\/metalnex.com\/index.php\/sistema-360\/"]}]},{"@type":"BreadcrumbList","@id":"https:\/\/metalnex.com\/index.php\/sistema-360\/#breadcrumb","itemListElement":[{"@type":"ListItem","position":1,"name":"Portada","item":"https:\/\/metalnex.com\/"},{"@type":"ListItem","position":2,"name":"Sistema 360"}]},{"@type":"WebSite","@id":"https:\/\/metalnex.com\/#website","url":"https:\/\/metalnex.com\/","name":"Metalnex 360&ordm;","description":"Tu sue&ntilde;a. Nosotros lean manufacturing","potentialAction":[{"@type":"SearchAction","target":{"@type":"EntryPoint","urlTemplate":"https:\/\/metalnex.com\/?s={search_term_string}"},"query-input":{"@type":"PropertyValueSpecification","valueRequired":true,"valueName":"search_term_string"}}],"inLanguage":"es"}]}},"jetpack_sharing_enabled":true,"_links":{"self":[{"href":"https:\/\/metalnex.com\/index.php\/wp-json\/wp\/v2\/pages\/4401","targetHints":{"allow":["GET"]}}],"collection":[{"href":"https:\/\/metalnex.com\/index.php\/wp-json\/wp\/v2\/pages"}],"about":[{"href":"https:\/\/metalnex.com\/index.php\/wp-json\/wp\/v2\/types\/page"}],"author":[{"embeddable":true,"href":"https:\/\/metalnex.com\/index.php\/wp-json\/wp\/v2\/users\/2"}],"replies":[{"embeddable":true,"href":"https:\/\/metalnex.com\/index.php\/wp-json\/wp\/v2\/comments?post=4401"}],"version-history":[{"count":11,"href":"https:\/\/metalnex.com\/index.php\/wp-json\/wp\/v2\/pages\/4401\/revisions"}],"predecessor-version":[{"id":5810,"href":"https:\/\/metalnex.com\/index.php\/wp-json\/wp\/v2\/pages\/4401\/revisions\/5810"}],"wp:attachment":[{"href":"https:\/\/metalnex.com\/index.php\/wp-json\/wp\/v2\/media?parent=4401"}],"curies":[{"name":"wp","href":"https:\/\/api.w.org\/{rel}","templated":true}]}}