{"id":1195,"date":"2023-03-28T12:45:16","date_gmt":"2023-03-28T10:45:16","guid":{"rendered":"https:\/\/metalnex.com\/?page_id=1195"},"modified":"2024-07-04T12:40:40","modified_gmt":"2024-07-04T10:40:40","slug":"departamento-tecnico","status":"publish","type":"page","link":"https:\/\/metalnex.com\/index.php\/departamento-tecnico\/","title":{"rendered":"Departamento T\u00e9cnico"},"content":{"rendered":"<div class=\"wpb-content-wrapper\"><p>[vc_row][vc_column css_animation=\u00bbleft-to-right\u00bb width=\u00bb1\/4&#8243; offset=\u00bbvc_hidden-xs\u00bb][vc_single_image image=\u00bb1135&#8243; img_size=\u00bb100&#215;100&#8243; alignment=\u00bbright\u00bb][\/vc_column][vc_column css_animation=\u00bbright-to-left\u00bb width=\u00bb3\/4&#8243; css=\u00bb.vc_custom_1680163482110{padding-top: 20px !important;}\u00bb offset=\u00bbvc_hidden-xs\u00bb][vc_custom_heading text=\u00bbDEPARTAMENTO T\u00c9CNICO\u00bb font_container=\u00bbtag:h2|font_size:40|text_align:left\u00bb use_theme_fonts=\u00bbyes\u00bb][\/vc_column][\/vc_row][vc_row][vc_column css_animation=\u00bbleft-to-right\u00bb width=\u00bb1\/4&#8243; offset=\u00bbvc_hidden-lg vc_hidden-md vc_hidden-sm\u00bb][vc_single_image image=\u00bb1135&#8243; img_size=\u00bb100&#215;100&#8243; alignment=\u00bbcenter\u00bb][\/vc_column][vc_column css_animation=\u00bbright-to-left\u00bb width=\u00bb3\/4&#8243; css=\u00bb.vc_custom_1680163507455{padding-top: 10px !important;}\u00bb offset=\u00bbvc_hidden-lg vc_hidden-md vc_hidden-sm\u00bb][vc_custom_heading text=\u00bbDEPARTAMENTO T\u00c9CNICO\u00bb font_container=\u00bbtag:h2|font_size:30|text_align:center\u00bb use_theme_fonts=\u00bbyes\u00bb][\/vc_column][\/vc_row][vc_row][vc_column css_animation=\u00bbfadeIn\u00bb width=\u00bb2\/3&#8243;][vc_empty_space height=\u00bb30px\u00bb][vc_column_text]Formado por varios <strong>especialistas t\u00e9cnicos y t\u00e9cnicos de marca<\/strong>. En este equipo contamos con especialistas en an\u00e1lisis y mejora de los procesos productivos, desarrollo de nuevos procesos de fabricaci\u00f3n y prototipado.<\/p>\n<p>&nbsp;<\/p>\n<p><strong>Datos de contacto:<\/strong><\/p>\n<ul>\n<li>Tel\u00e9fono: <a href=\"tel:\/\/955360170\"><strong>955 360 170<\/strong><\/a><\/li>\n<li>Email: <a href=\"mailto:oficinatecnica@metalnex.com\" target=\"_blank\" rel=\"noopener\">oficinatecnica@metalnex.com<\/a><\/li>\n<li>Direcci\u00f3n: <strong>P.I. La Red Norte, C\/ La Red Norte 6 Parcela 50, Nave 11B<\/strong><\/li>\n<\/ul>\n<p>[\/vc_column_text][vc_empty_space height=\u00bb10PX\u00bb][vc_row_inner gap=\u00bb5&#8243;][vc_column_inner width=\u00bb1\/2&#8243;][vc_btn title=\u00bbA\u00d1ADIR A CONTACTOS\u00bb style=\u00bbcustom\u00bb custom_background=\u00bb#072742&#8243; custom_text=\u00bb#ffffff\u00bb align=\u00bbcenter\u00bb i_type=\u00bbthe7&#8243; i_icon_the7=\u00bbicomoon-the7-font-the7-login-021&#8243; button_block=\u00bbtrue\u00bb add_icon=\u00bbtrue\u00bb link=\u00bburl:https%3A%2F%2Fmetalnex.com%2Fwp-content%2Fuploads%2F2023%2F02%2FMetalnex.vcf\u00bb][\/vc_column_inner][vc_column_inner width=\u00bb1\/2&#8243;][vc_btn title=\u00bbAGENDAR UNA REUNI\u00d3N\u00bb style=\u00bbcustom\u00bb custom_background=\u00bb#072742&#8243; custom_text=\u00bb#ffffff\u00bb align=\u00bbcenter\u00bb i_type=\u00bbthe7&#8243; i_icon_the7=\u00bbicomoon-the7-font-the7-sort-02&#8243; css=\u00bb\u00bb button_block=\u00bbtrue\u00bb add_icon=\u00bbtrue\u00bb link=\u00bburl:https%3A%2F%2Fmetalnex.com%2Findex.php%2Fagendar-cita%2F\u00bb][\/vc_column_inner][\/vc_row_inner][vc_empty_space height=\u00bb80&#8243; el_id=\u00bbagenda-reunion2&#8243;][\/vc_column][vc_column css_animation=\u00bbfadeIn\u00bb width=\u00bb1\/3&#8243;][vc_single_image image=\u00bb2619&#8243; img_size=\u00bblarge\u00bb alignment=\u00bbcenter\u00bb][\/vc_column][\/vc_row][vc_row][vc_column offset=\u00bbvc_hidden-xs\u00bb][vc_separator el_id=\u00bbagenda-reunion2&#8243;][\/vc_column][\/vc_row][vc_row][vc_column offset=\u00bbvc_hidden-xs\u00bb][vc_empty_space height=\u00bb60&#8243;][vc_custom_heading text=\u00bbDONDE PUEDES ENCONTRARNOS\u00bb font_container=\u00bbtag:h2|font_size:50|text_align:center\u00bb use_theme_fonts=\u00bbyes\u00bb][vc_empty_space height=\u00bb80&#8243;][\/vc_column][\/vc_row][vc_row][vc_column offset=\u00bbvc_hidden-lg vc_hidden-md vc_hidden-sm\u00bb][vc_custom_heading text=\u00bbDONDE PUEDES ENCONTRARNOS\u00bb font_container=\u00bbtag:h2|font_size:35|text_align:center\u00bb use_theme_fonts=\u00bbyes\u00bb][vc_empty_space height=\u00bb40&#8243;][\/vc_column][\/vc_row][vc_row][vc_column width=\u00bb2\/3&#8243;][vc_gmaps link=\u00bb#E-8_JTNDaWZyYW1lJTIwc3JjJTNEJTIyaHR0cHMlM0ElMkYlMkZ3d3cuZ29vZ2xlLmNvbSUyRm1hcHMlMkZlbWJlZCUzRnBiJTNEJTIxMW0xOCUyMTFtMTIlMjExbTMlMjExZDc5Mi41OTUzNzY4MTM1ODQ2JTIxMmQtNS44ODk1ODEzODc4NzkzNTIlMjEzZDM3LjM4MDgwOTA3ODQ3NDgyNiUyMTJtMyUyMTFmMCUyMTJmMCUyMTNmMCUyMTNtMiUyMTFpMTAyNCUyMTJpNzY4JTIxNGYxMy4xJTIxM20zJTIxMW0yJTIxMXMweGQxMjY1OGRlMTIyMjlkNSUyNTNBMHhjMDBmNTJiMzY5ZDU1ZmEwJTIxMnNQLkkuJTI1MjBMYSUyNTIwUmVkJTI1MjBOb3J0ZSUyNTJDJTI1MjBDJTI1MkYlMjUyMExhJTI1MjBSZWQlMjUyMFNlaXMlMjUyQyUyNTIwNzglMjUyQyUyNTIwbmF2ZSUyNTIwNiUyNTJDJTI1MjA0MTUwMCUyNTIwU2V2aWxsYSUyMTVlMCUyMTNtMiUyMTFzZXMlMjEyc2VzJTIxNHYxNjY5MTUwMjQ2OTcyJTIxNW0yJTIxMXNlcyUyMTJzZXMlMjIlMjB3aWR0aCUzRCUyMjYwMCUyMiUyMGhlaWdodCUzRCUyMjQ1MCUyMiUyMHN0eWxlJTNEJTIyYm9yZGVyJTNBMCUzQiUyMiUyMGFsbG93ZnVsbHNjcmVlbiUzRCUyMiUyMiUyMGxvYWRpbmclM0QlMjJsYXp5JTIyJTIwcmVmZXJyZXJwb2xpY3klM0QlMjJuby1yZWZlcnJlci13aGVuLWRvd25ncmFkZSUyMiUzRSUzQyUyRmlmcmFtZSUzRQ==\u00bb][vc_empty_space height=\u00bb40&#8243;][\/vc_column][vc_column width=\u00bb1\/3&#8243;][vc_column_text]Metalnex 360\u00ba Global Services<br \/>\nP.I. La Red Norte, C\/ La Red Norte, 6, Parcela 50, Nave 11B<br \/>\n41500 Alcal\u00e1 de Guada\u00edra (Sevilla)<br \/>\n955 360 170<br \/>\nsuministros@metalnex.com[\/vc_column_text][vc_custom_heading text=\u00bbTambi\u00e9n puedes encontrarnos aqu\u00ed:\u00bb font_container=\u00bbtag:h3|text_align:left\u00bb use_theme_fonts=\u00bbyes\u00bb]<a href=\"https:\/\/metalnex.com\/wp-content\/uploads\/2023\/02\/Metalnex.vcf\" class=\"btn-shortcode dt-btn-m dt-btn default-btn-color default-btn-hover-color default-btn-bg-color default-btn-bg-hover-color\" target=\"_blank\" id=\"dt-btn-1\" rel=\"noopener\"><span>A\u00f1\u00e1deme a tus contactos<\/span><\/a>[vc_empty_space height=\u00bb10&#8243;]<a href=\"https:\/\/goo.gl\/maps\/JVVrc7UtuE6DDLHH7\" class=\"btn-shortcode dt-btn-m dt-btn default-btn-color default-btn-hover-color default-btn-bg-color default-btn-bg-hover-color\" target=\"_blank\" id=\"dt-btn-2\" rel=\"noopener\"><span>C\u00f3mo llegar<\/span><\/a>[\/vc_column][\/vc_row][vc_row][vc_column offset=\u00bbvc_hidden-xs\u00bb][vc_column_text]<\/p>\n<h2 style=\"text-align: center;\"><strong>Escan\u00e9ame para tener esta informaci\u00f3n en tu m\u00f3vil<\/strong><\/h2>\n<p>[\/vc_column_text][vc_single_image image=\u00bb811&#8243; img_size=\u00bb150&#215;150&#8243; alignment=\u00bbcenter\u00bb style=\u00bbvc_box_rounded\u00bb onclick=\u00bbcustom_link\u00bb img_link_target=\u00bb_blank\u00bb css_animation=\u00bbfadeIn\u00bb css=\u00bb.vc_custom_1677153003772{padding-top: -30px !important;}\u00bb link=\u00bbhttps:\/\/metalnex.com\/index.php\/bienvenido-a-metalnex\/\u00bb][\/vc_column][\/vc_row][vc_row][vc_column offset=\u00bbvc_hidden-xs\u00bb][vc_separator][\/vc_column][\/vc_row][vc_row][vc_column][vc_empty_space height=\u00bb50&#8243;][\/vc_column][\/vc_row][vc_row][vc_column width=\u00bb1\/2&#8243;][vc_custom_heading text=\u00bb\u00bfALGUNA DUDA?\u00bb font_container=\u00bbtag:h2|text_align:center\u00bb use_theme_fonts=\u00bbyes\u00bb][vc_column_text]\u00bfTienes alguna duda de si podemos ayudarte?<\/p>\n<p>Rellena esta formulario y nos pondremos en contacto contigo lo m\u00e1s pronto posible.<\/p>\n<p>Recuerda: T\u00fa sue\u00f1a. Nosotros Lean Manufacturing.[\/vc_column_text][vc_row_inner][vc_column_inner width=\u00bb1\/3&#8243; offset=\u00bbvc_hidden-xs\u00bb][vc_icon icon_fontawesome=\u00bbfas fa-lightbulb\u00bb color=\u00bbcustom\u00bb background_style=\u00bbrounded\u00bb background_color=\u00bbwhite\u00bb size=\u00bbxl\u00bb align=\u00bbcenter\u00bb custom_color=\u00bb#072742&#8243;][\/vc_column_inner][vc_column_inner width=\u00bb1\/3&#8243; offset=\u00bbvc_hidden-xs\u00bb][vc_icon icon_fontawesome=\u00bbfas fa-angle-double-right\u00bb color=\u00bbcustom\u00bb background_style=\u00bbrounded\u00bb background_color=\u00bbwhite\u00bb size=\u00bbxl\u00bb align=\u00bbcenter\u00bb custom_color=\u00bb#072742&#8243;][\/vc_column_inner][vc_column_inner width=\u00bb1\/3&#8243; offset=\u00bbvc_hidden-xs\u00bb][vc_icon icon_fontawesome=\u00bbfas fa-globe-europe\u00bb color=\u00bbcustom\u00bb background_style=\u00bbrounded\u00bb background_color=\u00bbwhite\u00bb size=\u00bbxl\u00bb align=\u00bbcenter\u00bb custom_color=\u00bb#072742&#8243;][\/vc_column_inner][\/vc_row_inner][\/vc_column][vc_column width=\u00bb1\/2&#8243;]<div class=\"wpforms-container wpforms-container-full\" id=\"wpforms-26\"><form id=\"wpforms-form-26\" class=\"wpforms-validate wpforms-form wpforms-ajax-form\" data-formid=\"26\" method=\"post\" enctype=\"multipart\/form-data\" action=\"\/index.php\/wp-json\/wp\/v2\/pages\/1195\" data-token=\"1c74bfbdd21401b6f997484b27c2e0ab\" data-token-time=\"1776195786\"><noscript class=\"wpforms-error-noscript\">Por favor, activa JavaScript en tu navegador para completar este formulario.<\/noscript><div class=\"wpforms-field-container\"><div id=\"wpforms-26-field_0-container\" class=\"wpforms-field wpforms-field-name\" data-field-id=\"0\"><label class=\"wpforms-field-label\">Nombre <span class=\"wpforms-required-label\">*<\/span><\/label><div class=\"wpforms-field-row wpforms-field-medium\"><div class=\"wpforms-field-row-block wpforms-first wpforms-one-half\"><input type=\"text\" id=\"wpforms-26-field_0\" class=\"wpforms-field-name-first wpforms-field-required\" name=\"wpforms[fields][0][first]\" required><label for=\"wpforms-26-field_0\" class=\"wpforms-field-sublabel after\">Nombre<\/label><\/div><div class=\"wpforms-field-row-block wpforms-one-half\"><input type=\"text\" id=\"wpforms-26-field_0-last\" class=\"wpforms-field-name-last wpforms-field-required\" name=\"wpforms[fields][0][last]\" required><label for=\"wpforms-26-field_0-last\" class=\"wpforms-field-sublabel after\">Apellidos<\/label><\/div><\/div><\/div><div id=\"wpforms-26-field_1-container\" class=\"wpforms-field wpforms-field-email\" data-field-id=\"1\"><label class=\"wpforms-field-label\" for=\"wpforms-26-field_1\">Correo electr\u00f3nico <span class=\"wpforms-required-label\">*<\/span><\/label><input type=\"email\" id=\"wpforms-26-field_1\" class=\"wpforms-field-medium wpforms-field-required\" name=\"wpforms[fields][1]\" spellcheck=\"false\" required><\/div><div id=\"wpforms-26-field_2-container\" class=\"wpforms-field wpforms-field-textarea\" data-field-id=\"2\"><label class=\"wpforms-field-label\" for=\"wpforms-26-field_2\">Comentario o mensaje<\/label><textarea id=\"wpforms-26-field_2\" class=\"wpforms-field-medium\" name=\"wpforms[fields][2]\" ><\/textarea><\/div><div id=\"wpforms-26-field_3-container\" class=\"wpforms-field wpforms-field-checkbox\" data-field-id=\"3\"><label class=\"wpforms-field-label\">Casillas de verificaci\u00f3n <span class=\"wpforms-required-label\">*<\/span><\/label><ul id=\"wpforms-26-field_3\" class=\"wpforms-field-required\"><li class=\"choice-1 depth-1\"><input type=\"checkbox\" id=\"wpforms-26-field_3_1\" name=\"wpforms[fields][3][]\" value=\"He le\u00eddo y comprendido la pol\u00edtica de privacidad.\" required ><label class=\"wpforms-field-label-inline\" for=\"wpforms-26-field_3_1\">He le\u00eddo y comprendido la pol\u00edtica de privacidad.<\/label><\/li><\/ul><\/div><\/div><!-- .wpforms-field-container --><div class=\"wpforms-recaptcha-container wpforms-is-recaptcha wpforms-is-recaptcha-type-invisible\" ><div class=\"g-recaptcha\" data-sitekey=\"6Le6VfElAAAAACq3JYt9givLXYcj12HEzg9xXDCA\" data-size=\"invisible\"><\/div><\/div><div class=\"wpforms-submit-container\" ><input type=\"hidden\" name=\"wpforms[id]\" value=\"26\"><input type=\"hidden\" name=\"page_title\" value=\"\"><input type=\"hidden\" name=\"page_url\" value=\"https:\/\/metalnex.com\/index.php\/wp-json\/wp\/v2\/pages\/1195\"><input type=\"hidden\" name=\"url_referer\" value=\"\"><button type=\"submit\" name=\"wpforms[submit]\" id=\"wpforms-submit-26\" class=\"wpforms-submit\" data-alt-text=\"Enviando...\" data-submit-text=\"Enviar\" aria-live=\"assertive\" value=\"wpforms-submit\">Enviar<\/button><img loading=\"lazy\" decoding=\"async\" src=\"https:\/\/metalnex.com\/wp-content\/plugins\/wpforms-lite\/assets\/images\/submit-spin.svg\" class=\"wpforms-submit-spinner\" style=\"display: none;\" width=\"26\" height=\"26\" alt=\"Cargando\"><\/div><\/form><\/div>  <!-- .wpforms-container -->[\/vc_column][\/vc_row]<\/p>\n<\/div>","protected":false},"excerpt":{"rendered":"<p>[vc_row][vc_column css_animation=\u00bbleft-to-right\u00bb width=\u00bb1\/4&#8243; offset=\u00bbvc_hidden-xs\u00bb][vc_single_image image=\u00bb1135&#8243; img_size=\u00bb100&#215;100&#8243; alignment=\u00bbright\u00bb][\/vc_column][vc_column css_animation=\u00bbright-to-left\u00bb width=\u00bb3\/4&#8243; css=\u00bb.vc_custom_1680163482110{padding-top: 20px !important;}\u00bb offset=\u00bbvc_hidden-xs\u00bb][vc_custom_heading text=\u00bbDEPARTAMENTO T\u00c9CNICO\u00bb font_container=\u00bbtag:h2|font_size:40|text_align:left\u00bb use_theme_fonts=\u00bbyes\u00bb][\/vc_column][\/vc_row][vc_row][vc_column css_animation=\u00bbleft-to-right\u00bb width=\u00bb1\/4&#8243; offset=\u00bbvc_hidden-lg vc_hidden-md vc_hidden-sm\u00bb][vc_single_image image=\u00bb1135&#8243; img_size=\u00bb100&#215;100&#8243; alignment=\u00bbcenter\u00bb][\/vc_column][vc_column css_animation=\u00bbright-to-left\u00bb width=\u00bb3\/4&#8243; css=\u00bb.vc_custom_1680163507455{padding-top: 10px !important;}\u00bb offset=\u00bbvc_hidden-lg vc_hidden-md vc_hidden-sm\u00bb][vc_custom_heading text=\u00bbDEPARTAMENTO T\u00c9CNICO\u00bb font_container=\u00bbtag:h2|font_size:30|text_align:center\u00bb use_theme_fonts=\u00bbyes\u00bb][\/vc_column][\/vc_row][vc_row][vc_column css_animation=\u00bbfadeIn\u00bb width=\u00bb2\/3&#8243;][vc_empty_space height=\u00bb30px\u00bb][vc_column_text]Formado por varios especialistas t\u00e9cnicos y t\u00e9cnicos de marca. En este equipo contamos con especialistas en&hellip;<\/p>\n","protected":false},"author":1,"featured_media":0,"parent":0,"menu_order":0,"comment_status":"closed","ping_status":"closed","template":"","meta":{"_acf_changed":false,"footnotes":""},"class_list":["post-1195","page","type-page","status-publish","hentry","description-off"],"acf":[],"yoast_head":"<!-- This site is optimized with the Yoast SEO plugin v27.3 - https:\/\/yoast.com\/product\/yoast-seo-wordpress\/ -->\n<title>Departamento T\u00e9cnico - Metalnex 360&ordm;<\/title>\n<meta name=\"robots\" content=\"index, follow, max-snippet:-1, max-image-preview:large, max-video-preview:-1\" \/>\n<link rel=\"canonical\" href=\"https:\/\/metalnex.com\/index.php\/departamento-tecnico\/\" \/>\n<meta property=\"og:locale\" content=\"es_ES\" \/>\n<meta property=\"og:type\" content=\"article\" \/>\n<meta property=\"og:title\" content=\"Departamento T\u00e9cnico - Metalnex 360&ordm;\" \/>\n<meta property=\"og:description\" content=\"[vc_row][vc_column css_animation=\u00bbleft-to-right\u00bb width=\u00bb1\/4&#8243; offset=\u00bbvc_hidden-xs\u00bb][vc_single_image image=\u00bb1135&#8243; img_size=\u00bb100&#215;100&#8243; alignment=\u00bbright\u00bb][\/vc_column][vc_column css_animation=\u00bbright-to-left\u00bb width=\u00bb3\/4&#8243; css=\u00bb.vc_custom_1680163482110{padding-top: 20px !important;}\u00bb offset=\u00bbvc_hidden-xs\u00bb][vc_custom_heading text=\u00bbDEPARTAMENTO T\u00c9CNICO\u00bb font_container=\u00bbtag:h2|font_size:40|text_align:left\u00bb use_theme_fonts=\u00bbyes\u00bb][\/vc_column][\/vc_row][vc_row][vc_column css_animation=\u00bbleft-to-right\u00bb width=\u00bb1\/4&#8243; offset=\u00bbvc_hidden-lg vc_hidden-md vc_hidden-sm\u00bb][vc_single_image image=\u00bb1135&#8243; img_size=\u00bb100&#215;100&#8243; alignment=\u00bbcenter\u00bb][\/vc_column][vc_column css_animation=\u00bbright-to-left\u00bb width=\u00bb3\/4&#8243; css=\u00bb.vc_custom_1680163507455{padding-top: 10px !important;}\u00bb offset=\u00bbvc_hidden-lg vc_hidden-md vc_hidden-sm\u00bb][vc_custom_heading text=\u00bbDEPARTAMENTO T\u00c9CNICO\u00bb font_container=\u00bbtag:h2|font_size:30|text_align:center\u00bb use_theme_fonts=\u00bbyes\u00bb][\/vc_column][\/vc_row][vc_row][vc_column css_animation=\u00bbfadeIn\u00bb width=\u00bb2\/3&#8243;][vc_empty_space height=\u00bb30px\u00bb][vc_column_text]Formado por varios especialistas t\u00e9cnicos y t\u00e9cnicos de marca. En este equipo contamos con especialistas en&hellip;\" \/>\n<meta property=\"og:url\" content=\"https:\/\/metalnex.com\/index.php\/departamento-tecnico\/\" \/>\n<meta property=\"og:site_name\" content=\"Metalnex 360&ordm;\" \/>\n<meta property=\"article:modified_time\" content=\"2024-07-04T10:40:40+00:00\" \/>\n<meta name=\"twitter:card\" content=\"summary_large_image\" \/>\n<meta name=\"twitter:label1\" content=\"Tiempo de lectura\" \/>\n\t<meta name=\"twitter:data1\" content=\"4 minutos\" \/>\n<script type=\"application\/ld+json\" class=\"yoast-schema-graph\">{\"@context\":\"https:\\\/\\\/schema.org\",\"@graph\":[{\"@type\":\"WebPage\",\"@id\":\"https:\\\/\\\/metalnex.com\\\/index.php\\\/departamento-tecnico\\\/\",\"url\":\"https:\\\/\\\/metalnex.com\\\/index.php\\\/departamento-tecnico\\\/\",\"name\":\"Departamento T\u00e9cnico - Metalnex 360&ordm;\",\"isPartOf\":{\"@id\":\"https:\\\/\\\/metalnex.com\\\/#website\"},\"datePublished\":\"2023-03-28T10:45:16+00:00\",\"dateModified\":\"2024-07-04T10:40:40+00:00\",\"breadcrumb\":{\"@id\":\"https:\\\/\\\/metalnex.com\\\/index.php\\\/departamento-tecnico\\\/#breadcrumb\"},\"inLanguage\":\"es\",\"potentialAction\":[{\"@type\":\"ReadAction\",\"target\":[\"https:\\\/\\\/metalnex.com\\\/index.php\\\/departamento-tecnico\\\/\"]}]},{\"@type\":\"BreadcrumbList\",\"@id\":\"https:\\\/\\\/metalnex.com\\\/index.php\\\/departamento-tecnico\\\/#breadcrumb\",\"itemListElement\":[{\"@type\":\"ListItem\",\"position\":1,\"name\":\"Portada\",\"item\":\"https:\\\/\\\/metalnex.com\\\/\"},{\"@type\":\"ListItem\",\"position\":2,\"name\":\"Departamento T\u00e9cnico\"}]},{\"@type\":\"WebSite\",\"@id\":\"https:\\\/\\\/metalnex.com\\\/#website\",\"url\":\"https:\\\/\\\/metalnex.com\\\/\",\"name\":\"Metalnex 360&ordm;\",\"description\":\"Tu sue&ntilde;a. Nosotros lean manufacturing\",\"potentialAction\":[{\"@type\":\"SearchAction\",\"target\":{\"@type\":\"EntryPoint\",\"urlTemplate\":\"https:\\\/\\\/metalnex.com\\\/?s={search_term_string}\"},\"query-input\":{\"@type\":\"PropertyValueSpecification\",\"valueRequired\":true,\"valueName\":\"search_term_string\"}}],\"inLanguage\":\"es\"}]}<\/script>\n<!-- \/ Yoast SEO plugin. -->","yoast_head_json":{"title":"Departamento T\u00e9cnico - Metalnex 360&ordm;","robots":{"index":"index","follow":"follow","max-snippet":"max-snippet:-1","max-image-preview":"max-image-preview:large","max-video-preview":"max-video-preview:-1"},"canonical":"https:\/\/metalnex.com\/index.php\/departamento-tecnico\/","og_locale":"es_ES","og_type":"article","og_title":"Departamento T\u00e9cnico - Metalnex 360&ordm;","og_description":"[vc_row][vc_column css_animation=\u00bbleft-to-right\u00bb width=\u00bb1\/4&#8243; offset=\u00bbvc_hidden-xs\u00bb][vc_single_image image=\u00bb1135&#8243; img_size=\u00bb100&#215;100&#8243; alignment=\u00bbright\u00bb][\/vc_column][vc_column css_animation=\u00bbright-to-left\u00bb width=\u00bb3\/4&#8243; css=\u00bb.vc_custom_1680163482110{padding-top: 20px !important;}\u00bb offset=\u00bbvc_hidden-xs\u00bb][vc_custom_heading text=\u00bbDEPARTAMENTO T\u00c9CNICO\u00bb font_container=\u00bbtag:h2|font_size:40|text_align:left\u00bb use_theme_fonts=\u00bbyes\u00bb][\/vc_column][\/vc_row][vc_row][vc_column css_animation=\u00bbleft-to-right\u00bb width=\u00bb1\/4&#8243; offset=\u00bbvc_hidden-lg vc_hidden-md vc_hidden-sm\u00bb][vc_single_image image=\u00bb1135&#8243; img_size=\u00bb100&#215;100&#8243; alignment=\u00bbcenter\u00bb][\/vc_column][vc_column css_animation=\u00bbright-to-left\u00bb width=\u00bb3\/4&#8243; css=\u00bb.vc_custom_1680163507455{padding-top: 10px !important;}\u00bb offset=\u00bbvc_hidden-lg vc_hidden-md vc_hidden-sm\u00bb][vc_custom_heading text=\u00bbDEPARTAMENTO T\u00c9CNICO\u00bb font_container=\u00bbtag:h2|font_size:30|text_align:center\u00bb use_theme_fonts=\u00bbyes\u00bb][\/vc_column][\/vc_row][vc_row][vc_column css_animation=\u00bbfadeIn\u00bb width=\u00bb2\/3&#8243;][vc_empty_space height=\u00bb30px\u00bb][vc_column_text]Formado por varios especialistas t\u00e9cnicos y t\u00e9cnicos de marca. En este equipo contamos con especialistas en&hellip;","og_url":"https:\/\/metalnex.com\/index.php\/departamento-tecnico\/","og_site_name":"Metalnex 360&ordm;","article_modified_time":"2024-07-04T10:40:40+00:00","twitter_card":"summary_large_image","twitter_misc":{"Tiempo de lectura":"4 minutos"},"schema":{"@context":"https:\/\/schema.org","@graph":[{"@type":"WebPage","@id":"https:\/\/metalnex.com\/index.php\/departamento-tecnico\/","url":"https:\/\/metalnex.com\/index.php\/departamento-tecnico\/","name":"Departamento T\u00e9cnico - Metalnex 360&ordm;","isPartOf":{"@id":"https:\/\/metalnex.com\/#website"},"datePublished":"2023-03-28T10:45:16+00:00","dateModified":"2024-07-04T10:40:40+00:00","breadcrumb":{"@id":"https:\/\/metalnex.com\/index.php\/departamento-tecnico\/#breadcrumb"},"inLanguage":"es","potentialAction":[{"@type":"ReadAction","target":["https:\/\/metalnex.com\/index.php\/departamento-tecnico\/"]}]},{"@type":"BreadcrumbList","@id":"https:\/\/metalnex.com\/index.php\/departamento-tecnico\/#breadcrumb","itemListElement":[{"@type":"ListItem","position":1,"name":"Portada","item":"https:\/\/metalnex.com\/"},{"@type":"ListItem","position":2,"name":"Departamento T\u00e9cnico"}]},{"@type":"WebSite","@id":"https:\/\/metalnex.com\/#website","url":"https:\/\/metalnex.com\/","name":"Metalnex 360&ordm;","description":"Tu sue&ntilde;a. Nosotros lean manufacturing","potentialAction":[{"@type":"SearchAction","target":{"@type":"EntryPoint","urlTemplate":"https:\/\/metalnex.com\/?s={search_term_string}"},"query-input":{"@type":"PropertyValueSpecification","valueRequired":true,"valueName":"search_term_string"}}],"inLanguage":"es"}]}},"jetpack_sharing_enabled":true,"_links":{"self":[{"href":"https:\/\/metalnex.com\/index.php\/wp-json\/wp\/v2\/pages\/1195","targetHints":{"allow":["GET"]}}],"collection":[{"href":"https:\/\/metalnex.com\/index.php\/wp-json\/wp\/v2\/pages"}],"about":[{"href":"https:\/\/metalnex.com\/index.php\/wp-json\/wp\/v2\/types\/page"}],"author":[{"embeddable":true,"href":"https:\/\/metalnex.com\/index.php\/wp-json\/wp\/v2\/users\/1"}],"replies":[{"embeddable":true,"href":"https:\/\/metalnex.com\/index.php\/wp-json\/wp\/v2\/comments?post=1195"}],"version-history":[{"count":17,"href":"https:\/\/metalnex.com\/index.php\/wp-json\/wp\/v2\/pages\/1195\/revisions"}],"predecessor-version":[{"id":3683,"href":"https:\/\/metalnex.com\/index.php\/wp-json\/wp\/v2\/pages\/1195\/revisions\/3683"}],"wp:attachment":[{"href":"https:\/\/metalnex.com\/index.php\/wp-json\/wp\/v2\/media?parent=1195"}],"curies":[{"name":"wp","href":"https:\/\/api.w.org\/{rel}","templated":true}]}}